{"id":20,"date":"2020-11-15T16:41:29","date_gmt":"2020-11-15T15:41:29","guid":{"rendered":"https:\/\/www.psychotherapie-dresden-blasewitz.de\/?page_id=20"},"modified":"2022-07-02T18:50:46","modified_gmt":"2022-07-02T16:50:46","slug":"ablauf","status":"publish","type":"page","link":"https:\/\/www.psychotherapie-dresden-blasewitz.de\/index.php\/information\/ablauf\/","title":{"rendered":"Ablauf"},"content":{"rendered":"\n<p>Der Ablauf einer Psychotherapie oder einer psychologischen Beratung beginnt mit einem Erstgespr\u00e4ch. Bitte haben Sie Verst\u00e4ndnis daf\u00fcr, dass Termine f\u00fcr ein Erstgespr\u00e4ch ausschlie\u00dflich telefonisch zu den pers\u00f6nlichen Sprechzeiten vereinbart werden k\u00f6nnen. Die Kontaktdaten finden Sie&nbsp;<a href=\"https:\/\/www.psychotherapie-dresden-blasewitz.de\/index.php\/kontakt\/\">hier<\/a>.<\/p>\n\n\n\n<h2 class=\"wp-block-heading\">Wie geht es weiter<\/h2>\n\n\n\n<p>Nach sp\u00e4testens zwei Gespr\u00e4chsterminen  (Sprechstunde)  treffen wir gemeinsam die Entscheidung, ob eine Psychotherapie notwendig ist und falls ja, welche Psychotherapierichtung  f\u00fcr Ihre Problematik zielf\u00fchrend ist. Neben der Verhaltenstherapie werden von den gesetzlichen Krankenkassen auch die analytische Psychotherapie, die tiefenpsychologische Psychotherapie und die systemische Psychotherapie finanziert. Ich f\u00fchre ausschlie\u00dflich Verhaltenstherapien durch. Wenn  eine Verhaltenstherapie   erfolgsversprechend scheint, stelle ich  Ihnen ein m\u00f6gliches verhaltenstherapeutisches Vorgehen vor. Danach haben Sie Zeit, den Vorschlag zu \u00fcberdenken und sich f\u00fcr oder auch gegen die Behandlung zu entscheiden.<\/p>\n\n\n\n<p>Sollten Sie sich f\u00fcr eine Psychotherapie entscheiden, ist die Bescheinigung des Haus-, Kinder- oder anderen Facharztes \u00fcber den k\u00f6rperlichen Status erforderlich. Der Arzt muss die Therapie nicht genehmigen oder \u00e4hnliches. Sie dient nur dazu, festzustellen, dass f\u00fcr die psychische Problematik keine k\u00f6rperliche Ursache verantwortlich ist. Die  Best\u00e4tigung (Konsiliarbericht) wird Ihnen ohne besonderen Aufwand ausgestellt und ist f\u00fcr Sie nicht mit Kosten verbunden. Anschlie\u00dfend kann die&nbsp;<a href=\"https:\/\/www.psychotherapie-dresden-blasewitz.de\/index.php\/kosten\/\">Kosten\u00fcbernahme<\/a>&nbsp;f\u00fcr eine Psychotherapie bei der Krankenkasse beantragt werden. Auch dieser Schritt gestaltet sich in der Regel komplikationslos. Die anschlie\u00dfende Therapie wird als Einzeltherapie durchgef\u00fchrt. Bei Kindern und Jugendlichen werden die Eltern einbezogen. Best\u00e4ndiges Engagement,  Mitarbeit und die Bereitschaft der Eltern bisherige Verhaltensmuster zu reflektieren und zu hinterfragen, sind f\u00fcr eine erfolgsversprechende Therapie unverzichtbar.  Dies gilt umso mehr, je j\u00fcnger die Kinder sind. Dabei geht es nicht darum, Fehler zu finden, sondern gemeinsam L\u00f6sungen zu entwickeln. <\/p>\n\n\n\n<p>Die Sitzungen (50 Minuten) werden in der Regel zu Beginn der Therapie einmal w\u00f6chentlich durchgef\u00fchrt und dann sukzessive in einen vierzehnt\u00e4gigen Rhythmus \u00fcberf\u00fchrt. Dauer und H\u00e4ufigkeit richten sich aber immer nach  Bedarf und  Verlauf. Wichtig ist, dass die Termine zuverl\u00e4ssig wahrgenommen werden. Bei Kindern werden regelm\u00e4\u00dfig Gespr\u00e4che mit den Bezugspersonen gef\u00fchrt. Hier ist eine enge und zuverl\u00e4ssige Kooperation zwischen Therapeutin und Bezugspersonen f\u00fcr eine erfolgreiche Behandlung unabdingbar.<\/p>\n","protected":false},"excerpt":{"rendered":"<p>Der Ablauf einer Psychotherapie oder einer psychologischen Beratung beginnt mit einem Erstgespr\u00e4ch. Bitte haben Sie Verst\u00e4ndnis daf\u00fcr, dass Termine f\u00fcr ein Erstgespr\u00e4ch ausschlie\u00dflich telefonisch zu den pers\u00f6nlichen Sprechzeiten vereinbart werden k\u00f6nnen. Die Kontaktdaten finden Sie&nbsp;hier. Wie geht es weiter Nach sp\u00e4testens zwei Gespr\u00e4chsterminen (Sprechstunde) treffen wir gemeinsam die Entscheidung, ob eine Psychotherapie notwendig ist und [&hellip;]<\/p>\n","protected":false},"author":1,"featured_media":0,"parent":16,"menu_order":1,"comment_status":"closed","ping_status":"closed","template":"","meta":{"footnotes":""},"class_list":["post-20","page","type-page","status-publish","czr-hentry"],"yoast_head":"<!-- This site is optimized with the Yoast SEO plugin v27.5 - https:\/\/yoast.com\/product\/yoast-seo-wordpress\/ -->\n<title>Ablauf - Praxis f\u00fcr Psychotherapie<\/title>\n<meta name=\"robots\" content=\"index, follow, max-snippet:-1, max-image-preview:large, max-video-preview:-1\" \/>\n<link rel=\"canonical\" href=\"https:\/\/www.psychotherapie-dresden-blasewitz.de\/index.php\/information\/ablauf\/\" \/>\n<meta property=\"og:locale\" content=\"de_DE\" \/>\n<meta property=\"og:type\" content=\"article\" \/>\n<meta property=\"og:title\" content=\"Ablauf - Praxis f\u00fcr Psychotherapie\" \/>\n<meta property=\"og:description\" content=\"Der Ablauf einer Psychotherapie oder einer psychologischen Beratung beginnt mit einem Erstgespr\u00e4ch. Bitte haben Sie Verst\u00e4ndnis daf\u00fcr, dass Termine f\u00fcr ein Erstgespr\u00e4ch ausschlie\u00dflich telefonisch zu den pers\u00f6nlichen Sprechzeiten vereinbart werden k\u00f6nnen. Die Kontaktdaten finden Sie&nbsp;hier. Wie geht es weiter Nach sp\u00e4testens zwei Gespr\u00e4chsterminen (Sprechstunde) treffen wir gemeinsam die Entscheidung, ob eine Psychotherapie notwendig ist und [&hellip;]\" \/>\n<meta property=\"og:url\" content=\"https:\/\/www.psychotherapie-dresden-blasewitz.de\/index.php\/information\/ablauf\/\" \/>\n<meta property=\"og:site_name\" content=\"Praxis f\u00fcr Psychotherapie\" \/>\n<meta property=\"article:modified_time\" content=\"2022-07-02T16:50:46+00:00\" \/>\n<meta name=\"twitter:card\" content=\"summary_large_image\" \/>\n<meta name=\"twitter:label1\" content=\"Gesch\u00e4tzte Lesezeit\" \/>\n\t<meta name=\"twitter:data1\" content=\"2\u00a0Minuten\" \/>\n<script type=\"application\/ld+json\" class=\"yoast-schema-graph\">{\"@context\":\"https:\\\/\\\/schema.org\",\"@graph\":[{\"@type\":\"WebPage\",\"@id\":\"https:\\\/\\\/www.psychotherapie-dresden-blasewitz.de\\\/index.php\\\/information\\\/ablauf\\\/\",\"url\":\"https:\\\/\\\/www.psychotherapie-dresden-blasewitz.de\\\/index.php\\\/information\\\/ablauf\\\/\",\"name\":\"Ablauf - Praxis f\u00fcr Psychotherapie\",\"isPartOf\":{\"@id\":\"https:\\\/\\\/www.psychotherapie-dresden-blasewitz.de\\\/#website\"},\"datePublished\":\"2020-11-15T15:41:29+00:00\",\"dateModified\":\"2022-07-02T16:50:46+00:00\",\"breadcrumb\":{\"@id\":\"https:\\\/\\\/www.psychotherapie-dresden-blasewitz.de\\\/index.php\\\/information\\\/ablauf\\\/#breadcrumb\"},\"inLanguage\":\"de\",\"potentialAction\":[{\"@type\":\"ReadAction\",\"target\":[\"https:\\\/\\\/www.psychotherapie-dresden-blasewitz.de\\\/index.php\\\/information\\\/ablauf\\\/\"]}]},{\"@type\":\"BreadcrumbList\",\"@id\":\"https:\\\/\\\/www.psychotherapie-dresden-blasewitz.de\\\/index.php\\\/information\\\/ablauf\\\/#breadcrumb\",\"itemListElement\":[{\"@type\":\"ListItem\",\"position\":1,\"name\":\"Startseite\",\"item\":\"https:\\\/\\\/www.psychotherapie-dresden-blasewitz.de\\\/\"},{\"@type\":\"ListItem\",\"position\":2,\"name\":\"Informationen\",\"item\":\"https:\\\/\\\/www.psychotherapie-dresden-blasewitz.de\\\/index.php\\\/information\\\/\"},{\"@type\":\"ListItem\",\"position\":3,\"name\":\"Ablauf\"}]},{\"@type\":\"WebSite\",\"@id\":\"https:\\\/\\\/www.psychotherapie-dresden-blasewitz.de\\\/#website\",\"url\":\"https:\\\/\\\/www.psychotherapie-dresden-blasewitz.de\\\/\",\"name\":\"Praxis f\u00fcr Psychotherapie\",\"description\":\"Karin Bischoff-Krauth\u00e4user, Diplom-Psychologin, Psychologische Psychotherapeutin\",\"publisher\":{\"@id\":\"https:\\\/\\\/www.psychotherapie-dresden-blasewitz.de\\\/#organization\"},\"potentialAction\":[{\"@type\":\"SearchAction\",\"target\":{\"@type\":\"EntryPoint\",\"urlTemplate\":\"https:\\\/\\\/www.psychotherapie-dresden-blasewitz.de\\\/?s={search_term_string}\"},\"query-input\":{\"@type\":\"PropertyValueSpecification\",\"valueRequired\":true,\"valueName\":\"search_term_string\"}}],\"inLanguage\":\"de\"},{\"@type\":\"Organization\",\"@id\":\"https:\\\/\\\/www.psychotherapie-dresden-blasewitz.de\\\/#organization\",\"name\":\"Praxis f\u00fcr Psychotherapie Karin Bischoff-Krauth\u00e4user\",\"url\":\"https:\\\/\\\/www.psychotherapie-dresden-blasewitz.de\\\/\",\"logo\":{\"@type\":\"ImageObject\",\"inLanguage\":\"de\",\"@id\":\"https:\\\/\\\/www.psychotherapie-dresden-blasewitz.de\\\/#\\\/schema\\\/logo\\\/image\\\/\",\"url\":\"https:\\\/\\\/www.psychotherapie-dresden-blasewitz.de\\\/wp-content\\\/uploads\\\/2021\\\/10\\\/Bildschirmfoto-2021-10-30-um-13.40.11.png\",\"contentUrl\":\"https:\\\/\\\/www.psychotherapie-dresden-blasewitz.de\\\/wp-content\\\/uploads\\\/2021\\\/10\\\/Bildschirmfoto-2021-10-30-um-13.40.11.png\",\"width\":570,\"height\":314,\"caption\":\"Praxis f\u00fcr Psychotherapie Karin Bischoff-Krauth\u00e4user\"},\"image\":{\"@id\":\"https:\\\/\\\/www.psychotherapie-dresden-blasewitz.de\\\/#\\\/schema\\\/logo\\\/image\\\/\"}}]}<\/script>\n<!-- \/ Yoast SEO plugin. -->","yoast_head_json":{"title":"Ablauf - Praxis f\u00fcr Psychotherapie","robots":{"index":"index","follow":"follow","max-snippet":"max-snippet:-1","max-image-preview":"max-image-preview:large","max-video-preview":"max-video-preview:-1"},"canonical":"https:\/\/www.psychotherapie-dresden-blasewitz.de\/index.php\/information\/ablauf\/","og_locale":"de_DE","og_type":"article","og_title":"Ablauf - Praxis f\u00fcr Psychotherapie","og_description":"Der Ablauf einer Psychotherapie oder einer psychologischen Beratung beginnt mit einem Erstgespr\u00e4ch. Bitte haben Sie Verst\u00e4ndnis daf\u00fcr, dass Termine f\u00fcr ein Erstgespr\u00e4ch ausschlie\u00dflich telefonisch zu den pers\u00f6nlichen Sprechzeiten vereinbart werden k\u00f6nnen. Die Kontaktdaten finden Sie&nbsp;hier. Wie geht es weiter Nach sp\u00e4testens zwei Gespr\u00e4chsterminen (Sprechstunde) treffen wir gemeinsam die Entscheidung, ob eine Psychotherapie notwendig ist und [&hellip;]","og_url":"https:\/\/www.psychotherapie-dresden-blasewitz.de\/index.php\/information\/ablauf\/","og_site_name":"Praxis f\u00fcr Psychotherapie","article_modified_time":"2022-07-02T16:50:46+00:00","twitter_card":"summary_large_image","twitter_misc":{"Gesch\u00e4tzte Lesezeit":"2\u00a0Minuten"},"schema":{"@context":"https:\/\/schema.org","@graph":[{"@type":"WebPage","@id":"https:\/\/www.psychotherapie-dresden-blasewitz.de\/index.php\/information\/ablauf\/","url":"https:\/\/www.psychotherapie-dresden-blasewitz.de\/index.php\/information\/ablauf\/","name":"Ablauf - Praxis f\u00fcr Psychotherapie","isPartOf":{"@id":"https:\/\/www.psychotherapie-dresden-blasewitz.de\/#website"},"datePublished":"2020-11-15T15:41:29+00:00","dateModified":"2022-07-02T16:50:46+00:00","breadcrumb":{"@id":"https:\/\/www.psychotherapie-dresden-blasewitz.de\/index.php\/information\/ablauf\/#breadcrumb"},"inLanguage":"de","potentialAction":[{"@type":"ReadAction","target":["https:\/\/www.psychotherapie-dresden-blasewitz.de\/index.php\/information\/ablauf\/"]}]},{"@type":"BreadcrumbList","@id":"https:\/\/www.psychotherapie-dresden-blasewitz.de\/index.php\/information\/ablauf\/#breadcrumb","itemListElement":[{"@type":"ListItem","position":1,"name":"Startseite","item":"https:\/\/www.psychotherapie-dresden-blasewitz.de\/"},{"@type":"ListItem","position":2,"name":"Informationen","item":"https:\/\/www.psychotherapie-dresden-blasewitz.de\/index.php\/information\/"},{"@type":"ListItem","position":3,"name":"Ablauf"}]},{"@type":"WebSite","@id":"https:\/\/www.psychotherapie-dresden-blasewitz.de\/#website","url":"https:\/\/www.psychotherapie-dresden-blasewitz.de\/","name":"Praxis f\u00fcr Psychotherapie","description":"Karin Bischoff-Krauth\u00e4user, Diplom-Psychologin, Psychologische Psychotherapeutin","publisher":{"@id":"https:\/\/www.psychotherapie-dresden-blasewitz.de\/#organization"},"potentialAction":[{"@type":"SearchAction","target":{"@type":"EntryPoint","urlTemplate":"https:\/\/www.psychotherapie-dresden-blasewitz.de\/?s={search_term_string}"},"query-input":{"@type":"PropertyValueSpecification","valueRequired":true,"valueName":"search_term_string"}}],"inLanguage":"de"},{"@type":"Organization","@id":"https:\/\/www.psychotherapie-dresden-blasewitz.de\/#organization","name":"Praxis f\u00fcr Psychotherapie Karin Bischoff-Krauth\u00e4user","url":"https:\/\/www.psychotherapie-dresden-blasewitz.de\/","logo":{"@type":"ImageObject","inLanguage":"de","@id":"https:\/\/www.psychotherapie-dresden-blasewitz.de\/#\/schema\/logo\/image\/","url":"https:\/\/www.psychotherapie-dresden-blasewitz.de\/wp-content\/uploads\/2021\/10\/Bildschirmfoto-2021-10-30-um-13.40.11.png","contentUrl":"https:\/\/www.psychotherapie-dresden-blasewitz.de\/wp-content\/uploads\/2021\/10\/Bildschirmfoto-2021-10-30-um-13.40.11.png","width":570,"height":314,"caption":"Praxis f\u00fcr Psychotherapie Karin Bischoff-Krauth\u00e4user"},"image":{"@id":"https:\/\/www.psychotherapie-dresden-blasewitz.de\/#\/schema\/logo\/image\/"}}]}},"_links":{"self":[{"href":"https:\/\/www.psychotherapie-dresden-blasewitz.de\/index.php\/wp-json\/wp\/v2\/pages\/20","targetHints":{"allow":["GET"]}}],"collection":[{"href":"https:\/\/www.psychotherapie-dresden-blasewitz.de\/index.php\/wp-json\/wp\/v2\/pages"}],"about":[{"href":"https:\/\/www.psychotherapie-dresden-blasewitz.de\/index.php\/wp-json\/wp\/v2\/types\/page"}],"author":[{"embeddable":true,"href":"https:\/\/www.psychotherapie-dresden-blasewitz.de\/index.php\/wp-json\/wp\/v2\/users\/1"}],"replies":[{"embeddable":true,"href":"https:\/\/www.psychotherapie-dresden-blasewitz.de\/index.php\/wp-json\/wp\/v2\/comments?post=20"}],"version-history":[{"count":11,"href":"https:\/\/www.psychotherapie-dresden-blasewitz.de\/index.php\/wp-json\/wp\/v2\/pages\/20\/revisions"}],"predecessor-version":[{"id":404,"href":"https:\/\/www.psychotherapie-dresden-blasewitz.de\/index.php\/wp-json\/wp\/v2\/pages\/20\/revisions\/404"}],"up":[{"embeddable":true,"href":"https:\/\/www.psychotherapie-dresden-blasewitz.de\/index.php\/wp-json\/wp\/v2\/pages\/16"}],"wp:attachment":[{"href":"https:\/\/www.psychotherapie-dresden-blasewitz.de\/index.php\/wp-json\/wp\/v2\/media?parent=20"}],"curies":[{"name":"wp","href":"https:\/\/api.w.org\/{rel}","templated":true}]}}