{"id":22,"date":"2020-11-15T16:41:56","date_gmt":"2020-11-15T15:41:56","guid":{"rendered":"https:\/\/www.psychotherapie-dresden-blasewitz.de\/?page_id=22"},"modified":"2021-10-30T16:49:35","modified_gmt":"2021-10-30T14:49:35","slug":"kosten","status":"publish","type":"page","link":"https:\/\/www.psychotherapie-dresden-blasewitz.de\/index.php\/information\/kosten\/","title":{"rendered":"Kosten"},"content":{"rendered":"\n<h2 class=\"wp-block-heading\" id=\"block-0de92897-7796-4641-916f-1c50a9d87a84\">Gesetzlich Versicherte bis 21 Jahre<\/h2>\n\n\n\n<p id=\"block-3835f199-d7de-41fc-8843-cc3dedfba679\">Die Behandlung von Kindern, Jugendlichen und jungen Erwachsenen bis 21 Jahren kann direkt \u00fcber die gesetzliche Krankenversicherung abgerechnet werden. Die Vorlage der Krankenversicherungskarte ist ausreichend. Eine \u00dcberweisung wird nicht ben\u00f6tigt.<\/p>\n\n\n\n<h2 class=\"wp-block-heading\" id=\"block-f1d89857-a73f-427c-bd37-e967e09171f4\">Gesetzlich Versicherte ab 21 Jahre<\/h2>\n\n\n\n<p id=\"block-3cd8a75f-a490-4609-8861-f4f693795f57\">Eine vor dem 21. Lebensjahr begonnene Therapie kann selbstverst\u00e4ndlich zu Ende gef\u00fchrt werden. <\/p>\n\n\n\n<p id=\"block-3cd8a75f-a490-4609-8861-f4f693795f57\">Neuaufnahmen sind ab dem 21. Lebensjahr leider nicht m\u00f6glich. <\/p>\n\n\n\n<h2 class=\"wp-block-heading\" id=\"block-cccda3d7-7bdd-42f2-b9ec-1f616cb249a1\">Privatpatienten \/ Beihilfeberechtigte<\/h2>\n\n\n\n<p id=\"block-6e6d3408-bfa8-4199-bc9c-62d96d26a3e0\">Bei Privatpatienten erfolgt die Abrechnung entsprechend der&nbsp;<a href=\"https:\/\/opk-info.de\/wp-content\/uploads\/Geb\u00fchrenordnung-OPK-in-der-Fassung-der-\u00c4nderungssatzung-vom-13.12.2019.pdf?x37550\">Geb\u00fchrenordnung f\u00fcr Psychotherapeuten (GOP)<\/a>.<\/p>\n\n\n\n<p id=\"block-687e675f-aa9c-4096-a879-21be8b63bf7e\">Alle Leistungen in meiner &nbsp;Praxis sind in der Regel durch die privaten Krankenversicherungen sowie der Beihilfe erstattungsf\u00e4hig. Die Beihilfe \u00fcbernimmt grunds\u00e4tzlich die Kosten f\u00fcr eine notwendige Psychotherapie. Je nach Ihrem individuellen Versicherungsvertrag \u00fcbernehmen die privaten Krankenkassen  zumindest anteilig die Kosten f\u00fcr eine Psychotherapie. Die manchmal notwendigen Antragsverfahren, die Anzahl der erstatteten Sitzungen und die H\u00f6he der erstatteten S\u00e4tze unterscheiden sich je nach Versicherung erheblich. Bitte sprechen Sie daher mit Ihrer Versicherung \u00fcber das weitere Vorgehen. <\/p>\n\n\n\n<p><strong>Wichtig:<\/strong><\/p>\n\n\n\n<p>F\u00fcr Privatpatienten  ist es wichtig zu wissen, dass meine Praxis vorrangig einen Versorgungsauftrag f\u00fcr Kinder, Jugendliche und junge Erwachsene hat, die in einer gesetzlichen Krankenkasse versichert sind. Privatpatienten  finden aber in der Regel in einer Privatpraxis ohne lange Wartezeiten einen Behandlungsplatz. <\/p>\n","protected":false},"excerpt":{"rendered":"<p>Gesetzlich Versicherte bis 21 Jahre Die Behandlung von Kindern, Jugendlichen und jungen Erwachsenen bis 21 Jahren kann direkt \u00fcber die gesetzliche Krankenversicherung abgerechnet werden. Die Vorlage der Krankenversicherungskarte ist ausreichend. Eine \u00dcberweisung wird nicht ben\u00f6tigt. Gesetzlich Versicherte ab 21 Jahre Eine vor dem 21. Lebensjahr begonnene Therapie kann selbstverst\u00e4ndlich zu Ende gef\u00fchrt werden. Neuaufnahmen sind [&hellip;]<\/p>\n","protected":false},"author":1,"featured_media":0,"parent":16,"menu_order":2,"comment_status":"closed","ping_status":"closed","template":"","meta":{"footnotes":""},"class_list":["post-22","page","type-page","status-publish","czr-hentry"],"yoast_head":"<!-- This site is optimized with the Yoast SEO plugin v27.5 - https:\/\/yoast.com\/product\/yoast-seo-wordpress\/ -->\n<title>Kosten - Praxis f\u00fcr Psychotherapie<\/title>\n<meta name=\"robots\" content=\"index, follow, max-snippet:-1, max-image-preview:large, max-video-preview:-1\" \/>\n<link rel=\"canonical\" href=\"https:\/\/www.psychotherapie-dresden-blasewitz.de\/index.php\/information\/kosten\/\" \/>\n<meta property=\"og:locale\" content=\"de_DE\" \/>\n<meta property=\"og:type\" content=\"article\" \/>\n<meta property=\"og:title\" content=\"Kosten - Praxis f\u00fcr Psychotherapie\" \/>\n<meta property=\"og:description\" content=\"Gesetzlich Versicherte bis 21 Jahre Die Behandlung von Kindern, Jugendlichen und jungen Erwachsenen bis 21 Jahren kann direkt \u00fcber die gesetzliche Krankenversicherung abgerechnet werden. Die Vorlage der Krankenversicherungskarte ist ausreichend. Eine \u00dcberweisung wird nicht ben\u00f6tigt. Gesetzlich Versicherte ab 21 Jahre Eine vor dem 21. Lebensjahr begonnene Therapie kann selbstverst\u00e4ndlich zu Ende gef\u00fchrt werden. Neuaufnahmen sind [&hellip;]\" \/>\n<meta property=\"og:url\" content=\"https:\/\/www.psychotherapie-dresden-blasewitz.de\/index.php\/information\/kosten\/\" \/>\n<meta property=\"og:site_name\" content=\"Praxis f\u00fcr Psychotherapie\" \/>\n<meta property=\"article:modified_time\" content=\"2021-10-30T14:49:35+00:00\" \/>\n<meta name=\"twitter:card\" content=\"summary_large_image\" \/>\n<meta name=\"twitter:label1\" content=\"Gesch\u00e4tzte Lesezeit\" \/>\n\t<meta name=\"twitter:data1\" content=\"1\u00a0Minute\" \/>\n<script type=\"application\/ld+json\" class=\"yoast-schema-graph\">{\"@context\":\"https:\\\/\\\/schema.org\",\"@graph\":[{\"@type\":\"WebPage\",\"@id\":\"https:\\\/\\\/www.psychotherapie-dresden-blasewitz.de\\\/index.php\\\/information\\\/kosten\\\/\",\"url\":\"https:\\\/\\\/www.psychotherapie-dresden-blasewitz.de\\\/index.php\\\/information\\\/kosten\\\/\",\"name\":\"Kosten - Praxis f\u00fcr Psychotherapie\",\"isPartOf\":{\"@id\":\"https:\\\/\\\/www.psychotherapie-dresden-blasewitz.de\\\/#website\"},\"datePublished\":\"2020-11-15T15:41:56+00:00\",\"dateModified\":\"2021-10-30T14:49:35+00:00\",\"breadcrumb\":{\"@id\":\"https:\\\/\\\/www.psychotherapie-dresden-blasewitz.de\\\/index.php\\\/information\\\/kosten\\\/#breadcrumb\"},\"inLanguage\":\"de\",\"potentialAction\":[{\"@type\":\"ReadAction\",\"target\":[\"https:\\\/\\\/www.psychotherapie-dresden-blasewitz.de\\\/index.php\\\/information\\\/kosten\\\/\"]}]},{\"@type\":\"BreadcrumbList\",\"@id\":\"https:\\\/\\\/www.psychotherapie-dresden-blasewitz.de\\\/index.php\\\/information\\\/kosten\\\/#breadcrumb\",\"itemListElement\":[{\"@type\":\"ListItem\",\"position\":1,\"name\":\"Startseite\",\"item\":\"https:\\\/\\\/www.psychotherapie-dresden-blasewitz.de\\\/\"},{\"@type\":\"ListItem\",\"position\":2,\"name\":\"Informationen\",\"item\":\"https:\\\/\\\/www.psychotherapie-dresden-blasewitz.de\\\/index.php\\\/information\\\/\"},{\"@type\":\"ListItem\",\"position\":3,\"name\":\"Kosten\"}]},{\"@type\":\"WebSite\",\"@id\":\"https:\\\/\\\/www.psychotherapie-dresden-blasewitz.de\\\/#website\",\"url\":\"https:\\\/\\\/www.psychotherapie-dresden-blasewitz.de\\\/\",\"name\":\"Praxis f\u00fcr Psychotherapie\",\"description\":\"Karin Bischoff-Krauth\u00e4user, Diplom-Psychologin, Psychologische Psychotherapeutin\",\"publisher\":{\"@id\":\"https:\\\/\\\/www.psychotherapie-dresden-blasewitz.de\\\/#organization\"},\"potentialAction\":[{\"@type\":\"SearchAction\",\"target\":{\"@type\":\"EntryPoint\",\"urlTemplate\":\"https:\\\/\\\/www.psychotherapie-dresden-blasewitz.de\\\/?s={search_term_string}\"},\"query-input\":{\"@type\":\"PropertyValueSpecification\",\"valueRequired\":true,\"valueName\":\"search_term_string\"}}],\"inLanguage\":\"de\"},{\"@type\":\"Organization\",\"@id\":\"https:\\\/\\\/www.psychotherapie-dresden-blasewitz.de\\\/#organization\",\"name\":\"Praxis f\u00fcr Psychotherapie Karin Bischoff-Krauth\u00e4user\",\"url\":\"https:\\\/\\\/www.psychotherapie-dresden-blasewitz.de\\\/\",\"logo\":{\"@type\":\"ImageObject\",\"inLanguage\":\"de\",\"@id\":\"https:\\\/\\\/www.psychotherapie-dresden-blasewitz.de\\\/#\\\/schema\\\/logo\\\/image\\\/\",\"url\":\"https:\\\/\\\/www.psychotherapie-dresden-blasewitz.de\\\/wp-content\\\/uploads\\\/2021\\\/10\\\/Bildschirmfoto-2021-10-30-um-13.40.11.png\",\"contentUrl\":\"https:\\\/\\\/www.psychotherapie-dresden-blasewitz.de\\\/wp-content\\\/uploads\\\/2021\\\/10\\\/Bildschirmfoto-2021-10-30-um-13.40.11.png\",\"width\":570,\"height\":314,\"caption\":\"Praxis f\u00fcr Psychotherapie Karin Bischoff-Krauth\u00e4user\"},\"image\":{\"@id\":\"https:\\\/\\\/www.psychotherapie-dresden-blasewitz.de\\\/#\\\/schema\\\/logo\\\/image\\\/\"}}]}<\/script>\n<!-- \/ Yoast SEO plugin. -->","yoast_head_json":{"title":"Kosten - Praxis f\u00fcr Psychotherapie","robots":{"index":"index","follow":"follow","max-snippet":"max-snippet:-1","max-image-preview":"max-image-preview:large","max-video-preview":"max-video-preview:-1"},"canonical":"https:\/\/www.psychotherapie-dresden-blasewitz.de\/index.php\/information\/kosten\/","og_locale":"de_DE","og_type":"article","og_title":"Kosten - Praxis f\u00fcr Psychotherapie","og_description":"Gesetzlich Versicherte bis 21 Jahre Die Behandlung von Kindern, Jugendlichen und jungen Erwachsenen bis 21 Jahren kann direkt \u00fcber die gesetzliche Krankenversicherung abgerechnet werden. Die Vorlage der Krankenversicherungskarte ist ausreichend. Eine \u00dcberweisung wird nicht ben\u00f6tigt. Gesetzlich Versicherte ab 21 Jahre Eine vor dem 21. Lebensjahr begonnene Therapie kann selbstverst\u00e4ndlich zu Ende gef\u00fchrt werden. Neuaufnahmen sind [&hellip;]","og_url":"https:\/\/www.psychotherapie-dresden-blasewitz.de\/index.php\/information\/kosten\/","og_site_name":"Praxis f\u00fcr Psychotherapie","article_modified_time":"2021-10-30T14:49:35+00:00","twitter_card":"summary_large_image","twitter_misc":{"Gesch\u00e4tzte Lesezeit":"1\u00a0Minute"},"schema":{"@context":"https:\/\/schema.org","@graph":[{"@type":"WebPage","@id":"https:\/\/www.psychotherapie-dresden-blasewitz.de\/index.php\/information\/kosten\/","url":"https:\/\/www.psychotherapie-dresden-blasewitz.de\/index.php\/information\/kosten\/","name":"Kosten - Praxis f\u00fcr Psychotherapie","isPartOf":{"@id":"https:\/\/www.psychotherapie-dresden-blasewitz.de\/#website"},"datePublished":"2020-11-15T15:41:56+00:00","dateModified":"2021-10-30T14:49:35+00:00","breadcrumb":{"@id":"https:\/\/www.psychotherapie-dresden-blasewitz.de\/index.php\/information\/kosten\/#breadcrumb"},"inLanguage":"de","potentialAction":[{"@type":"ReadAction","target":["https:\/\/www.psychotherapie-dresden-blasewitz.de\/index.php\/information\/kosten\/"]}]},{"@type":"BreadcrumbList","@id":"https:\/\/www.psychotherapie-dresden-blasewitz.de\/index.php\/information\/kosten\/#breadcrumb","itemListElement":[{"@type":"ListItem","position":1,"name":"Startseite","item":"https:\/\/www.psychotherapie-dresden-blasewitz.de\/"},{"@type":"ListItem","position":2,"name":"Informationen","item":"https:\/\/www.psychotherapie-dresden-blasewitz.de\/index.php\/information\/"},{"@type":"ListItem","position":3,"name":"Kosten"}]},{"@type":"WebSite","@id":"https:\/\/www.psychotherapie-dresden-blasewitz.de\/#website","url":"https:\/\/www.psychotherapie-dresden-blasewitz.de\/","name":"Praxis f\u00fcr Psychotherapie","description":"Karin Bischoff-Krauth\u00e4user, Diplom-Psychologin, Psychologische Psychotherapeutin","publisher":{"@id":"https:\/\/www.psychotherapie-dresden-blasewitz.de\/#organization"},"potentialAction":[{"@type":"SearchAction","target":{"@type":"EntryPoint","urlTemplate":"https:\/\/www.psychotherapie-dresden-blasewitz.de\/?s={search_term_string}"},"query-input":{"@type":"PropertyValueSpecification","valueRequired":true,"valueName":"search_term_string"}}],"inLanguage":"de"},{"@type":"Organization","@id":"https:\/\/www.psychotherapie-dresden-blasewitz.de\/#organization","name":"Praxis f\u00fcr Psychotherapie Karin Bischoff-Krauth\u00e4user","url":"https:\/\/www.psychotherapie-dresden-blasewitz.de\/","logo":{"@type":"ImageObject","inLanguage":"de","@id":"https:\/\/www.psychotherapie-dresden-blasewitz.de\/#\/schema\/logo\/image\/","url":"https:\/\/www.psychotherapie-dresden-blasewitz.de\/wp-content\/uploads\/2021\/10\/Bildschirmfoto-2021-10-30-um-13.40.11.png","contentUrl":"https:\/\/www.psychotherapie-dresden-blasewitz.de\/wp-content\/uploads\/2021\/10\/Bildschirmfoto-2021-10-30-um-13.40.11.png","width":570,"height":314,"caption":"Praxis f\u00fcr Psychotherapie Karin Bischoff-Krauth\u00e4user"},"image":{"@id":"https:\/\/www.psychotherapie-dresden-blasewitz.de\/#\/schema\/logo\/image\/"}}]}},"_links":{"self":[{"href":"https:\/\/www.psychotherapie-dresden-blasewitz.de\/index.php\/wp-json\/wp\/v2\/pages\/22","targetHints":{"allow":["GET"]}}],"collection":[{"href":"https:\/\/www.psychotherapie-dresden-blasewitz.de\/index.php\/wp-json\/wp\/v2\/pages"}],"about":[{"href":"https:\/\/www.psychotherapie-dresden-blasewitz.de\/index.php\/wp-json\/wp\/v2\/types\/page"}],"author":[{"embeddable":true,"href":"https:\/\/www.psychotherapie-dresden-blasewitz.de\/index.php\/wp-json\/wp\/v2\/users\/1"}],"replies":[{"embeddable":true,"href":"https:\/\/www.psychotherapie-dresden-blasewitz.de\/index.php\/wp-json\/wp\/v2\/comments?post=22"}],"version-history":[{"count":12,"href":"https:\/\/www.psychotherapie-dresden-blasewitz.de\/index.php\/wp-json\/wp\/v2\/pages\/22\/revisions"}],"predecessor-version":[{"id":314,"href":"https:\/\/www.psychotherapie-dresden-blasewitz.de\/index.php\/wp-json\/wp\/v2\/pages\/22\/revisions\/314"}],"up":[{"embeddable":true,"href":"https:\/\/www.psychotherapie-dresden-blasewitz.de\/index.php\/wp-json\/wp\/v2\/pages\/16"}],"wp:attachment":[{"href":"https:\/\/www.psychotherapie-dresden-blasewitz.de\/index.php\/wp-json\/wp\/v2\/media?parent=22"}],"curies":[{"name":"wp","href":"https:\/\/api.w.org\/{rel}","templated":true}]}}