{"id":57,"date":"2020-11-15T17:32:18","date_gmt":"2020-11-15T16:32:18","guid":{"rendered":"https:\/\/www.psychotherapie-dresden-blasewitz.de\/?page_id=57"},"modified":"2020-11-15T17:48:39","modified_gmt":"2020-11-15T16:48:39","slug":"angst","status":"publish","type":"page","link":"https:\/\/www.psychotherapie-dresden-blasewitz.de\/index.php\/kompetenz\/angst\/","title":{"rendered":"\u00c4ngste"},"content":{"rendered":"\n<p>Die am meisten auftretenden psychischen St\u00f6rungen sind Angsterkrankungen. Die zwei h\u00e4ufigsten Angsterkrankungen sind die&nbsp;<a href=\"http:\/\/de.wikipedia.org\/wiki\/Agoraphobie\" target=\"_blank\" rel=\"noreferrer noopener\">Agoraphobie<\/a>, mit oder ohne Panik und die&nbsp;<a href=\"http:\/\/de.wikipedia.org\/wiki\/Panikst%C3%B6rung\" target=\"_blank\" rel=\"noreferrer noopener\">Panikst\u00f6rung<\/a>. Bei der Agoraphobie tritt die Angst in mindestens zwei der folgenden Situationen auf: In Menschenmengen, bei Reisen mit weiter Entfernung von Zuhause oder bei Reisen alleine oder auf \u00f6ffentlichen Pl\u00e4tzen. Bei der Panikst\u00f6rung tritt die Angst -vermeintlich- aus heiterem Himmel auf. Die Angstanf\u00e4lle sind bei der Panikst\u00f6rung nicht auf bekannte oder vorhersagbaren Situationen begrenzt.<\/p>\n\n\n\n<p>Alle Angstanf\u00e4lle werden meistens von heftigen k\u00f6rperlichen Symptomen begleitet. Diese starken k\u00f6rperlichen Symptome f\u00fchren oft zu weiteren \u00c4ngsten, z.B. Angst zu sterben, Angst vor Kontrollverlust oder die Angst, \u201everr\u00fcckt\u201c zu werden.<\/p>\n\n\n\n<p>Neben der Agoraphobie und der Panikst\u00f6rung gibt es oft spezifische Phobien (Angst vor bestimmten Tieren, H\u00f6hen, Blut, Spritzen, etc.) und die soziale Phobie, welche die Angst vor der Bewertung anderer Menschen meint und sich beispielsweise in \u00fcbersteigerter Pr\u00fcfungs- und Leistungsangst \u00e4u\u00dfert, bis hin zur Sorge einen \u201eBlack Out\u201c zu entwickeln.<\/p>\n\n\n\n<p>Unbehandelt haben Angsterkrankungen h\u00e4ufig einen ung\u00fcnstigen Verlauf. Oft kommt es zu Folgeproblemen wie Depressionen und Medikamenten- und Alkoholmissbrauch.<\/p>\n\n\n\n<p>Die Methode der Wahl bei Angsterkrankungen ist die kognitive Verhaltenstherapie. Mit einer Heilungsquote von ca. 80% ist sie allen anderen therapeutischen Verfahren \u00fcberlegen.<\/p>\n","protected":false},"excerpt":{"rendered":"<p>Die am meisten auftretenden psychischen St\u00f6rungen sind Angsterkrankungen. Die zwei h\u00e4ufigsten Angsterkrankungen sind die&nbsp;Agoraphobie, mit oder ohne Panik und die&nbsp;Panikst\u00f6rung. Bei der Agoraphobie tritt die Angst in mindestens zwei der folgenden Situationen auf: In Menschenmengen, bei Reisen mit weiter Entfernung von Zuhause oder bei Reisen alleine oder auf \u00f6ffentlichen Pl\u00e4tzen. Bei der Panikst\u00f6rung tritt die [&hellip;]<\/p>\n","protected":false},"author":1,"featured_media":0,"parent":32,"menu_order":0,"comment_status":"closed","ping_status":"closed","template":"","meta":{"footnotes":""},"class_list":["post-57","page","type-page","status-publish","czr-hentry"],"yoast_head":"<!-- This site is optimized with the Yoast SEO plugin v27.5 - https:\/\/yoast.com\/product\/yoast-seo-wordpress\/ -->\n<title>\u00c4ngste - Praxis f\u00fcr Psychotherapie<\/title>\n<meta name=\"robots\" content=\"index, follow, max-snippet:-1, max-image-preview:large, max-video-preview:-1\" \/>\n<link rel=\"canonical\" href=\"https:\/\/www.psychotherapie-dresden-blasewitz.de\/index.php\/kompetenz\/angst\/\" \/>\n<meta property=\"og:locale\" content=\"de_DE\" \/>\n<meta property=\"og:type\" content=\"article\" \/>\n<meta property=\"og:title\" content=\"\u00c4ngste - Praxis f\u00fcr Psychotherapie\" \/>\n<meta property=\"og:description\" content=\"Die am meisten auftretenden psychischen St\u00f6rungen sind Angsterkrankungen. Die zwei h\u00e4ufigsten Angsterkrankungen sind die&nbsp;Agoraphobie, mit oder ohne Panik und die&nbsp;Panikst\u00f6rung. Bei der Agoraphobie tritt die Angst in mindestens zwei der folgenden Situationen auf: In Menschenmengen, bei Reisen mit weiter Entfernung von Zuhause oder bei Reisen alleine oder auf \u00f6ffentlichen Pl\u00e4tzen. Bei der Panikst\u00f6rung tritt die [&hellip;]\" \/>\n<meta property=\"og:url\" content=\"https:\/\/www.psychotherapie-dresden-blasewitz.de\/index.php\/kompetenz\/angst\/\" \/>\n<meta property=\"og:site_name\" content=\"Praxis f\u00fcr Psychotherapie\" \/>\n<meta property=\"article:modified_time\" content=\"2020-11-15T16:48:39+00:00\" \/>\n<meta name=\"twitter:card\" content=\"summary_large_image\" \/>\n<meta name=\"twitter:label1\" content=\"Gesch\u00e4tzte Lesezeit\" \/>\n\t<meta name=\"twitter:data1\" content=\"1\u00a0Minute\" \/>\n<script type=\"application\/ld+json\" class=\"yoast-schema-graph\">{\"@context\":\"https:\\\/\\\/schema.org\",\"@graph\":[{\"@type\":\"WebPage\",\"@id\":\"https:\\\/\\\/www.psychotherapie-dresden-blasewitz.de\\\/index.php\\\/kompetenz\\\/angst\\\/\",\"url\":\"https:\\\/\\\/www.psychotherapie-dresden-blasewitz.de\\\/index.php\\\/kompetenz\\\/angst\\\/\",\"name\":\"\u00c4ngste - Praxis f\u00fcr Psychotherapie\",\"isPartOf\":{\"@id\":\"https:\\\/\\\/www.psychotherapie-dresden-blasewitz.de\\\/#website\"},\"datePublished\":\"2020-11-15T16:32:18+00:00\",\"dateModified\":\"2020-11-15T16:48:39+00:00\",\"breadcrumb\":{\"@id\":\"https:\\\/\\\/www.psychotherapie-dresden-blasewitz.de\\\/index.php\\\/kompetenz\\\/angst\\\/#breadcrumb\"},\"inLanguage\":\"de\",\"potentialAction\":[{\"@type\":\"ReadAction\",\"target\":[\"https:\\\/\\\/www.psychotherapie-dresden-blasewitz.de\\\/index.php\\\/kompetenz\\\/angst\\\/\"]}]},{\"@type\":\"BreadcrumbList\",\"@id\":\"https:\\\/\\\/www.psychotherapie-dresden-blasewitz.de\\\/index.php\\\/kompetenz\\\/angst\\\/#breadcrumb\",\"itemListElement\":[{\"@type\":\"ListItem\",\"position\":1,\"name\":\"Startseite\",\"item\":\"https:\\\/\\\/www.psychotherapie-dresden-blasewitz.de\\\/\"},{\"@type\":\"ListItem\",\"position\":2,\"name\":\"Kompetenz\",\"item\":\"https:\\\/\\\/www.psychotherapie-dresden-blasewitz.de\\\/index.php\\\/kompetenz\\\/\"},{\"@type\":\"ListItem\",\"position\":3,\"name\":\"\u00c4ngste\"}]},{\"@type\":\"WebSite\",\"@id\":\"https:\\\/\\\/www.psychotherapie-dresden-blasewitz.de\\\/#website\",\"url\":\"https:\\\/\\\/www.psychotherapie-dresden-blasewitz.de\\\/\",\"name\":\"Praxis f\u00fcr Psychotherapie\",\"description\":\"Karin Bischoff-Krauth\u00e4user, Diplom-Psychologin, Psychologische Psychotherapeutin\",\"publisher\":{\"@id\":\"https:\\\/\\\/www.psychotherapie-dresden-blasewitz.de\\\/#organization\"},\"potentialAction\":[{\"@type\":\"SearchAction\",\"target\":{\"@type\":\"EntryPoint\",\"urlTemplate\":\"https:\\\/\\\/www.psychotherapie-dresden-blasewitz.de\\\/?s={search_term_string}\"},\"query-input\":{\"@type\":\"PropertyValueSpecification\",\"valueRequired\":true,\"valueName\":\"search_term_string\"}}],\"inLanguage\":\"de\"},{\"@type\":\"Organization\",\"@id\":\"https:\\\/\\\/www.psychotherapie-dresden-blasewitz.de\\\/#organization\",\"name\":\"Praxis f\u00fcr Psychotherapie Karin Bischoff-Krauth\u00e4user\",\"url\":\"https:\\\/\\\/www.psychotherapie-dresden-blasewitz.de\\\/\",\"logo\":{\"@type\":\"ImageObject\",\"inLanguage\":\"de\",\"@id\":\"https:\\\/\\\/www.psychotherapie-dresden-blasewitz.de\\\/#\\\/schema\\\/logo\\\/image\\\/\",\"url\":\"https:\\\/\\\/www.psychotherapie-dresden-blasewitz.de\\\/wp-content\\\/uploads\\\/2021\\\/10\\\/Bildschirmfoto-2021-10-30-um-13.40.11.png\",\"contentUrl\":\"https:\\\/\\\/www.psychotherapie-dresden-blasewitz.de\\\/wp-content\\\/uploads\\\/2021\\\/10\\\/Bildschirmfoto-2021-10-30-um-13.40.11.png\",\"width\":570,\"height\":314,\"caption\":\"Praxis f\u00fcr Psychotherapie Karin Bischoff-Krauth\u00e4user\"},\"image\":{\"@id\":\"https:\\\/\\\/www.psychotherapie-dresden-blasewitz.de\\\/#\\\/schema\\\/logo\\\/image\\\/\"}}]}<\/script>\n<!-- \/ Yoast SEO plugin. -->","yoast_head_json":{"title":"\u00c4ngste - Praxis f\u00fcr Psychotherapie","robots":{"index":"index","follow":"follow","max-snippet":"max-snippet:-1","max-image-preview":"max-image-preview:large","max-video-preview":"max-video-preview:-1"},"canonical":"https:\/\/www.psychotherapie-dresden-blasewitz.de\/index.php\/kompetenz\/angst\/","og_locale":"de_DE","og_type":"article","og_title":"\u00c4ngste - Praxis f\u00fcr Psychotherapie","og_description":"Die am meisten auftretenden psychischen St\u00f6rungen sind Angsterkrankungen. Die zwei h\u00e4ufigsten Angsterkrankungen sind die&nbsp;Agoraphobie, mit oder ohne Panik und die&nbsp;Panikst\u00f6rung. Bei der Agoraphobie tritt die Angst in mindestens zwei der folgenden Situationen auf: In Menschenmengen, bei Reisen mit weiter Entfernung von Zuhause oder bei Reisen alleine oder auf \u00f6ffentlichen Pl\u00e4tzen. Bei der Panikst\u00f6rung tritt die [&hellip;]","og_url":"https:\/\/www.psychotherapie-dresden-blasewitz.de\/index.php\/kompetenz\/angst\/","og_site_name":"Praxis f\u00fcr Psychotherapie","article_modified_time":"2020-11-15T16:48:39+00:00","twitter_card":"summary_large_image","twitter_misc":{"Gesch\u00e4tzte Lesezeit":"1\u00a0Minute"},"schema":{"@context":"https:\/\/schema.org","@graph":[{"@type":"WebPage","@id":"https:\/\/www.psychotherapie-dresden-blasewitz.de\/index.php\/kompetenz\/angst\/","url":"https:\/\/www.psychotherapie-dresden-blasewitz.de\/index.php\/kompetenz\/angst\/","name":"\u00c4ngste - Praxis f\u00fcr Psychotherapie","isPartOf":{"@id":"https:\/\/www.psychotherapie-dresden-blasewitz.de\/#website"},"datePublished":"2020-11-15T16:32:18+00:00","dateModified":"2020-11-15T16:48:39+00:00","breadcrumb":{"@id":"https:\/\/www.psychotherapie-dresden-blasewitz.de\/index.php\/kompetenz\/angst\/#breadcrumb"},"inLanguage":"de","potentialAction":[{"@type":"ReadAction","target":["https:\/\/www.psychotherapie-dresden-blasewitz.de\/index.php\/kompetenz\/angst\/"]}]},{"@type":"BreadcrumbList","@id":"https:\/\/www.psychotherapie-dresden-blasewitz.de\/index.php\/kompetenz\/angst\/#breadcrumb","itemListElement":[{"@type":"ListItem","position":1,"name":"Startseite","item":"https:\/\/www.psychotherapie-dresden-blasewitz.de\/"},{"@type":"ListItem","position":2,"name":"Kompetenz","item":"https:\/\/www.psychotherapie-dresden-blasewitz.de\/index.php\/kompetenz\/"},{"@type":"ListItem","position":3,"name":"\u00c4ngste"}]},{"@type":"WebSite","@id":"https:\/\/www.psychotherapie-dresden-blasewitz.de\/#website","url":"https:\/\/www.psychotherapie-dresden-blasewitz.de\/","name":"Praxis f\u00fcr Psychotherapie","description":"Karin Bischoff-Krauth\u00e4user, Diplom-Psychologin, Psychologische Psychotherapeutin","publisher":{"@id":"https:\/\/www.psychotherapie-dresden-blasewitz.de\/#organization"},"potentialAction":[{"@type":"SearchAction","target":{"@type":"EntryPoint","urlTemplate":"https:\/\/www.psychotherapie-dresden-blasewitz.de\/?s={search_term_string}"},"query-input":{"@type":"PropertyValueSpecification","valueRequired":true,"valueName":"search_term_string"}}],"inLanguage":"de"},{"@type":"Organization","@id":"https:\/\/www.psychotherapie-dresden-blasewitz.de\/#organization","name":"Praxis f\u00fcr Psychotherapie Karin Bischoff-Krauth\u00e4user","url":"https:\/\/www.psychotherapie-dresden-blasewitz.de\/","logo":{"@type":"ImageObject","inLanguage":"de","@id":"https:\/\/www.psychotherapie-dresden-blasewitz.de\/#\/schema\/logo\/image\/","url":"https:\/\/www.psychotherapie-dresden-blasewitz.de\/wp-content\/uploads\/2021\/10\/Bildschirmfoto-2021-10-30-um-13.40.11.png","contentUrl":"https:\/\/www.psychotherapie-dresden-blasewitz.de\/wp-content\/uploads\/2021\/10\/Bildschirmfoto-2021-10-30-um-13.40.11.png","width":570,"height":314,"caption":"Praxis f\u00fcr Psychotherapie Karin Bischoff-Krauth\u00e4user"},"image":{"@id":"https:\/\/www.psychotherapie-dresden-blasewitz.de\/#\/schema\/logo\/image\/"}}]}},"_links":{"self":[{"href":"https:\/\/www.psychotherapie-dresden-blasewitz.de\/index.php\/wp-json\/wp\/v2\/pages\/57","targetHints":{"allow":["GET"]}}],"collection":[{"href":"https:\/\/www.psychotherapie-dresden-blasewitz.de\/index.php\/wp-json\/wp\/v2\/pages"}],"about":[{"href":"https:\/\/www.psychotherapie-dresden-blasewitz.de\/index.php\/wp-json\/wp\/v2\/types\/page"}],"author":[{"embeddable":true,"href":"https:\/\/www.psychotherapie-dresden-blasewitz.de\/index.php\/wp-json\/wp\/v2\/users\/1"}],"replies":[{"embeddable":true,"href":"https:\/\/www.psychotherapie-dresden-blasewitz.de\/index.php\/wp-json\/wp\/v2\/comments?post=57"}],"version-history":[{"count":4,"href":"https:\/\/www.psychotherapie-dresden-blasewitz.de\/index.php\/wp-json\/wp\/v2\/pages\/57\/revisions"}],"predecessor-version":[{"id":111,"href":"https:\/\/www.psychotherapie-dresden-blasewitz.de\/index.php\/wp-json\/wp\/v2\/pages\/57\/revisions\/111"}],"up":[{"embeddable":true,"href":"https:\/\/www.psychotherapie-dresden-blasewitz.de\/index.php\/wp-json\/wp\/v2\/pages\/32"}],"wp:attachment":[{"href":"https:\/\/www.psychotherapie-dresden-blasewitz.de\/index.php\/wp-json\/wp\/v2\/media?parent=57"}],"curies":[{"name":"wp","href":"https:\/\/api.w.org\/{rel}","templated":true}]}}